Last updated on 2019-03-27 00:48:01 CET.
Flavor | Version | Tinstall | Tcheck | Ttotal | Status | Flags |
---|---|---|---|---|---|---|
r-devel-linux-x86_64-debian-clang | 0.8.15 | 3.79 | 32.43 | 36.22 | WARN | |
r-devel-linux-x86_64-debian-gcc | 0.8.15 | 4.00 | 25.50 | 29.50 | OK | |
r-devel-linux-x86_64-fedora-clang | 0.8.15 | 39.84 | OK | |||
r-devel-linux-x86_64-fedora-gcc | 0.8.15 | 37.65 | OK | |||
r-devel-windows-ix86+x86_64 | 0.8.15 | 11.00 | 41.00 | 52.00 | OK | |
r-patched-linux-x86_64 | 0.8.15 | 4.27 | 31.41 | 35.68 | OK | |
r-patched-solaris-x86 | 0.8.15 | 58.40 | OK | |||
r-release-linux-x86_64 | 0.8.15 | 3.74 | 31.04 | 34.78 | OK | |
r-release-windows-ix86+x86_64 | 0.8.15 | 10.00 | 66.00 | 76.00 | OK | |
r-release-osx-x86_64 | 0.8.15 | OK | ||||
r-oldrel-windows-ix86+x86_64 | 0.8.15 | 5.00 | 56.00 | 61.00 | OK | |
r-oldrel-osx-x86_64 | 0.8.15 | OK |
Version: 0.8.15
Check: whether package can be installed
Result: WARN
Found the following significant warnings:
Warning: unable to re-encode 'execution.r' line 110
Flavor: r-devel-linux-x86_64-debian-clang