CRAN Package Check Results for Package JMbayes

Last updated on 2019-03-27 00:48:01 CET.

Flavor Version Tinstall Tcheck Ttotal Status Flags
r-devel-linux-x86_64-debian-clang 0.8-83 114.07 142.03 256.10 OK
r-devel-linux-x86_64-debian-gcc 0.8-83 118.78 113.09 231.87 OK
r-devel-linux-x86_64-fedora-clang 0.8-83 364.29 NOTE
r-devel-linux-x86_64-fedora-gcc 0.8-83 361.16 OK
r-devel-windows-ix86+x86_64 0.8-82 239.00 192.00 431.00 OK
r-patched-linux-x86_64 0.8-82 140.19 135.55 275.74 OK
r-patched-solaris-x86 0.8-83 342.70 OK
r-release-linux-x86_64 0.8-82 133.41 136.12 269.53 OK
r-release-windows-ix86+x86_64 0.8-82 286.00 251.00 537.00 OK
r-release-osx-x86_64 0.8-71 NOTE
r-oldrel-windows-ix86+x86_64 0.8-83 236.00 6.00 242.00 ERROR
r-oldrel-osx-x86_64 0.8-71 NOTE

Check Details

Version: 0.8-83
Check: installed package size
Result: NOTE
     installed size is 8.1Mb
     sub-directories of 1Mb or more:
     libs 7.0Mb
Flavor: r-devel-linux-x86_64-fedora-clang

Version: 0.8-71
Check: installed package size
Result: NOTE
     installed size is 7.8Mb
     sub-directories of 1Mb or more:
     libs 6.5Mb
Flavors: r-release-osx-x86_64, r-oldrel-osx-x86_64

Version: 0.8-83
Check: whether package can be installed
Result: ERROR
    Installation failed.
Flavor: r-oldrel-windows-ix86+x86_64