CRAN Package Check Results for Package KoNLP

Last updated on 2019-03-27 00:48:02 CET.

Flavor Version Tinstall Tcheck Ttotal Status Flags
r-devel-linux-x86_64-debian-clang 0.80.1 9.16 70.40 79.56 OK
r-devel-linux-x86_64-debian-gcc 0.80.1 7.43 54.26 61.69 OK
r-devel-linux-x86_64-fedora-clang 0.80.1 94.02 NOTE
r-devel-linux-x86_64-fedora-gcc 0.80.1 95.90 OK
r-devel-windows-ix86+x86_64 0.80.1 21.00 84.00 105.00 NOTE
r-patched-linux-x86_64 0.80.1 5.38 67.52 72.90 NOTE
r-patched-solaris-x86 0.80.1 122.40 NOTE
r-release-linux-x86_64 0.80.1 6.08 67.04 73.12 NOTE
r-release-windows-ix86+x86_64 0.80.1 20.00 122.00 142.00 NOTE
r-release-osx-x86_64 0.80.1 NOTE
r-oldrel-windows-ix86+x86_64 0.80.1 12.00 102.00 114.00 NOTE
r-oldrel-osx-x86_64 0.80.1 NOTE

Check Details

Version: 0.80.1
Check: installed package size
Result: NOTE
     installed size is 6.5Mb
     sub-directories of 1Mb or more:
     java 6.0Mb
Flavors: r-devel-linux-x86_64-fedora-clang, r-devel-windows-ix86+x86_64, r-patched-solaris-x86, r-release-windows-ix86+x86_64, r-release-osx-x86_64, r-oldrel-windows-ix86+x86_64, r-oldrel-osx-x86_64

Version: 0.80.1
Check: DESCRIPTION meta-information
Result: NOTE
    Dependence on R version ‘3.3.1’ not with patchlevel 0
Flavors: r-patched-linux-x86_64, r-release-linux-x86_64