CRAN Package Check Results for Package LexisNexisTools

Last updated on 2019-03-27 00:48:02 CET.

Flavor Version Tinstall Tcheck Ttotal Status Flags
r-devel-linux-x86_64-debian-clang 0.2.2 11.02 148.89 159.91 OK
r-devel-linux-x86_64-debian-gcc 0.2.2 9.05 113.78 122.83 OK
r-devel-linux-x86_64-fedora-clang 0.2.2 202.92 OK
r-devel-linux-x86_64-fedora-gcc 0.2.2 198.47 OK
r-devel-windows-ix86+x86_64 0.2.2 24.00 177.00 201.00 OK
r-patched-linux-x86_64 0.2.2 7.58 146.81 154.39 OK
r-patched-solaris-x86 0.2.2 4.00 ERROR
r-release-linux-x86_64 0.2.2 8.79 146.52 155.31 OK
r-release-windows-ix86+x86_64 0.2.2 21.00 224.00 245.00 OK
r-release-osx-x86_64 0.2.2 OK
r-oldrel-windows-ix86+x86_64 0.2.2 14.00 193.00 207.00 OK
r-oldrel-osx-x86_64 0.2.2 OK

Check Details

Version: 0.2.2
Check: package dependencies
Result: ERROR
    Package required but not available: ‘quanteda’
    
    See section ‘The DESCRIPTION file’ in the ‘Writing R Extensions’
    manual.
Flavor: r-patched-solaris-x86