Last updated on 2019-03-27 00:48:03 CET.
Flavor | Version | Tinstall | Tcheck | Ttotal | Status | Flags |
---|---|---|---|---|---|---|
r-devel-linux-x86_64-debian-clang | 0.3.1 | 9.17 | 78.39 | 87.56 | OK | |
r-devel-linux-x86_64-debian-gcc | 0.3.1 | 8.56 | 62.59 | 71.15 | OK | |
r-devel-linux-x86_64-fedora-clang | 0.3.1 | 107.95 | OK | |||
r-devel-linux-x86_64-fedora-gcc | 0.3.1 | 105.35 | OK | |||
r-devel-windows-ix86+x86_64 | 0.3.1 | 17.00 | 286.00 | 303.00 | OK | |
r-patched-linux-x86_64 | 0.3.1 | 7.14 | 74.93 | 82.07 | OK | |
r-patched-solaris-x86 | 0.3.1 | 488.60 | OK | |||
r-release-linux-x86_64 | 0.3.1 | 6.43 | 74.72 | 81.15 | OK | |
r-release-windows-ix86+x86_64 | 0.3.1 | 16.00 | 376.00 | 392.00 | OK | |
r-release-osx-x86_64 | 0.3.1 | NOTE | ||||
r-oldrel-windows-ix86+x86_64 | 0.2.1 | 6.00 | 454.00 | 460.00 | OK | |
r-oldrel-osx-x86_64 | 0.3.1 | ERROR |
Version: 0.3.1
Check: package dependencies
Result: NOTE
Package suggested but not available for checking: ‘RGtk2’
Flavors: r-release-osx-x86_64, r-oldrel-osx-x86_64
Version: 0.3.1
Check: whether package can be installed
Result: ERROR
Installation failed.
Flavor: r-oldrel-osx-x86_64