Last updated on 2019-03-27 00:48:03 CET.
Flavor | Version | Tinstall | Tcheck | Ttotal | Status | Flags |
---|---|---|---|---|---|---|
r-devel-linux-x86_64-debian-clang | 0.3.9 | 81.94 | 61.83 | 143.77 | NOTE | |
r-devel-linux-x86_64-debian-gcc | 0.3.9 | 66.38 | 50.32 | 116.70 | NOTE | |
r-devel-linux-x86_64-fedora-clang | 0.3.9 | 211.61 | NOTE | |||
r-devel-linux-x86_64-fedora-gcc | 0.3.9 | 196.68 | NOTE | |||
r-devel-windows-ix86+x86_64 | 0.3.9 | 162.00 | 136.00 | 298.00 | NOTE | |
r-patched-linux-x86_64 | 0.3.9 | 79.64 | 60.25 | 139.89 | OK | |
r-patched-solaris-x86 | 0.3.9 | 197.90 | OK | |||
r-release-linux-x86_64 | 0.3.9 | 79.07 | 60.30 | 139.37 | OK | |
r-release-windows-ix86+x86_64 | 0.3.9 | 200.00 | 129.00 | 329.00 | OK | |
r-release-osx-x86_64 | 0.3.9 | NOTE | ||||
r-oldrel-windows-ix86+x86_64 | 0.3.9 | 157.00 | 105.00 | 262.00 | OK | |
r-oldrel-osx-x86_64 | 0.3.9 | NOTE |
Version: 0.3.9
Check: line endings in C/C++/Fortran sources/headers
Result: NOTE
Found the following sources/headers with CR or CRLF line endings:
inst/include/MCMCprecision.h
Some Unix compilers require LF line endings.
Flavors: r-devel-linux-x86_64-debian-clang, r-devel-linux-x86_64-debian-gcc, r-devel-linux-x86_64-fedora-clang, r-devel-linux-x86_64-fedora-gcc, r-devel-windows-ix86+x86_64
Version: 0.3.9
Check: installed package size
Result: NOTE
installed size is 15.3Mb
sub-directories of 1Mb or more:
libs 14.8Mb
Flavors: r-devel-linux-x86_64-fedora-clang, r-release-osx-x86_64, r-oldrel-osx-x86_64