Last updated on 2019-03-27 00:48:05 CET.
Flavor | Version | Tinstall | Tcheck | Ttotal | Status | Flags |
---|---|---|---|---|---|---|
r-devel-linux-x86_64-debian-clang | 1.1.1 | 2.25 | 20.75 | 23.00 | OK | |
r-devel-linux-x86_64-debian-gcc | 1.1.1 | 1.77 | 16.80 | 18.57 | OK | |
r-devel-linux-x86_64-fedora-clang | 1.1.1 | 27.47 | NOTE | |||
r-devel-linux-x86_64-fedora-gcc | 1.1.1 | 27.07 | NOTE | |||
r-devel-windows-ix86+x86_64 | 1.1.1 | 6.00 | 32.00 | 38.00 | OK | |
r-patched-linux-x86_64 | 1.1.1 | 1.36 | 19.35 | 20.71 | OK | |
r-patched-solaris-x86 | 1.1.1 | 38.70 | NOTE | |||
r-release-linux-x86_64 | 1.1.1 | 1.48 | 19.32 | 20.80 | OK | |
r-release-windows-ix86+x86_64 | 1.1.1 | 4.00 | 40.00 | 44.00 | OK | |
r-release-osx-x86_64 | 1.1.1 | NOTE | ||||
r-oldrel-windows-ix86+x86_64 | 1.1.1 | 3.00 | 45.00 | 48.00 | OK | |
r-oldrel-osx-x86_64 | 1.1.1 | NOTE |
Version: 1.1.1
Check: dependencies in R code
Result: NOTE
Namespace in Imports field not imported from: ‘utils’
All declared Imports should be used.
Flavors: r-devel-linux-x86_64-fedora-clang, r-devel-linux-x86_64-fedora-gcc, r-patched-solaris-x86, r-release-osx-x86_64, r-oldrel-osx-x86_64