CRAN Package Check Results for Package MOEADr

Last updated on 2019-03-27 00:48:05 CET.

Flavor Version Tinstall Tcheck Ttotal Status Flags
r-devel-linux-x86_64-debian-clang 1.1.0 4.54 155.62 160.16 WARN
r-devel-linux-x86_64-debian-gcc 1.1.0 3.63 115.89 119.52 OK
r-devel-linux-x86_64-fedora-clang 1.1.0 187.56 OK
r-devel-linux-x86_64-fedora-gcc 1.1.0 207.08 OK
r-devel-windows-ix86+x86_64 1.1.0 13.00 147.00 160.00 OK
r-patched-linux-x86_64 1.1.0 3.11 136.76 139.87 OK
r-patched-solaris-x86 1.1.0 194.40 OK
r-release-linux-x86_64 1.1.0 3.38 135.95 139.33 OK
r-release-windows-ix86+x86_64 1.1.0 10.00 170.00 180.00 OK
r-release-osx-x86_64 1.1.0 OK
r-oldrel-windows-ix86+x86_64 1.1.0 5.00 161.00 166.00 OK
r-oldrel-osx-x86_64 1.1.0 OK

Check Details

Version: 1.1.0
Check: whether package can be installed
Result: WARN
    Found the following significant warnings:
     Warning: unable to re-encode 'constraint_vbr.R' lines 79, 83, 86
     Warning: unable to re-encode 'decomposition_uniform.R' line 24
     Warning: unable to re-encode 'scalarization_awt.R' lines 18, 19, 20, 22, 23, 24
     Warning: unable to re-encode 'variation_diffmut.R' lines 42, 43
Flavor: r-devel-linux-x86_64-debian-clang