CRAN Package Check Results for Package MRFcov

Last updated on 2019-03-27 00:48:05 CET.

Flavor Version Tinstall Tcheck Ttotal Status Flags
r-devel-linux-x86_64-debian-clang 1.0.36 8.50 155.85 164.35 OK
r-devel-linux-x86_64-debian-gcc 1.0.36 7.68 120.67 128.35 OK
r-devel-linux-x86_64-fedora-clang 1.0.36 203.60 OK
r-devel-linux-x86_64-fedora-gcc 1.0.36 196.97 OK
r-devel-windows-ix86+x86_64 1.0.36 17.00 174.00 191.00 OK
r-patched-linux-x86_64 1.0.36 8.35 149.41 157.76 NOTE
r-patched-solaris-x86 1.0.36 270.30 OK
r-release-linux-x86_64 1.0.36 7.38 147.75 155.13 NOTE
r-release-windows-ix86+x86_64 1.0.36 15.00 204.00 219.00 OK
r-release-osx-x86_64 1.0.36 OK
r-oldrel-windows-ix86+x86_64 1.0.36 8.00 189.00 197.00 OK
r-oldrel-osx-x86_64 1.0.36 OK

Check Details

Version: 1.0.36
Check: DESCRIPTION meta-information
Result: NOTE
    Dependence on R version ‘3.3.3’ not with patchlevel 0
Flavors: r-patched-linux-x86_64, r-release-linux-x86_64