CRAN Package Check Results for Package MarginalMediation

Last updated on 2019-03-27 00:48:03 CET.

Flavor Version Tinstall Tcheck Ttotal Status Flags
r-devel-linux-x86_64-debian-clang 0.7.0 4.61 85.32 89.93 WARN
r-devel-linux-x86_64-debian-gcc 0.7.0 3.71 64.66 68.37 OK
r-devel-linux-x86_64-fedora-clang 0.7.0 105.08 NOTE
r-devel-linux-x86_64-fedora-gcc 0.7.0 115.84 NOTE
r-devel-windows-ix86+x86_64 0.7.0 10.00 92.00 102.00 OK
r-patched-linux-x86_64 0.7.0 2.53 81.09 83.62 OK
r-patched-solaris-x86 0.7.0 147.60 NOTE
r-release-linux-x86_64 0.7.0 3.16 82.30 85.46 OK
r-release-windows-ix86+x86_64 0.7.0 10.00 116.00 126.00 OK
r-release-osx-x86_64 0.7.0 NOTE
r-oldrel-windows-ix86+x86_64 0.7.0 7.00 117.00 124.00 OK
r-oldrel-osx-x86_64 0.7.0 NOTE

Check Details

Version: 0.7.0
Check: whether package can be installed
Result: WARN
    Found the following significant warnings:
     Warning: unable to re-encode 'Marginal_Mediation.R' line 50
     Warning: unable to re-encode 'frAMEs.R' line 17
Flavor: r-devel-linux-x86_64-debian-clang

Version: 0.7.0
Check: dependencies in R code
Result: NOTE
    Namespace in Imports field not imported from: ‘betareg’
     All declared Imports should be used.
Flavors: r-devel-linux-x86_64-fedora-clang, r-devel-linux-x86_64-fedora-gcc, r-patched-solaris-x86, r-release-osx-x86_64, r-oldrel-osx-x86_64