Last updated on 2019-03-27 00:48:05 CET.
Flavor | Version | Tinstall | Tcheck | Ttotal | Status | Flags |
---|---|---|---|---|---|---|
r-devel-linux-x86_64-debian-clang | 0.1 | 86.45 | 37.62 | 124.07 | OK | |
r-devel-linux-x86_64-debian-gcc | 0.1 | 72.20 | 29.64 | 101.84 | OK | |
r-devel-linux-x86_64-fedora-clang | 0.1 | 192.44 | NOTE | |||
r-devel-linux-x86_64-fedora-gcc | 0.1 | 192.26 | NOTE | |||
r-devel-windows-ix86+x86_64 | 0.1 | 236.00 | 107.00 | 343.00 | OK | |
r-patched-linux-x86_64 | 0.1 | 75.16 | 35.88 | 111.04 | OK | |
r-patched-solaris-x86 | 0.1 | 146.60 | OK | |||
r-release-linux-x86_64 | 0.1 | 87.19 | 36.80 | 123.99 | OK | |
r-release-windows-ix86+x86_64 | 0.1 | 217.00 | 92.00 | 309.00 | OK | |
r-release-osx-x86_64 | 0.1 | NOTE | ||||
r-oldrel-windows-ix86+x86_64 | 0.1 | 170.00 | 71.00 | 241.00 | OK | |
r-oldrel-osx-x86_64 | 0.1 | NOTE |
Version: 0.1
Check: installed package size
Result: NOTE
installed size is 6.3Mb
sub-directories of 1Mb or more:
libs 5.9Mb
Flavors: r-devel-linux-x86_64-fedora-clang, r-release-osx-x86_64, r-oldrel-osx-x86_64
Version: 0.1
Check: compiled code
Result: NOTE
File ‘MixedDataImpute/libs/MixedDataImpute.so’:
Found no calls to: ‘R_registerRoutines’, ‘R_useDynamicSymbols’
It is good practice to register native routines and to disable symbol
search.
See ‘Writing portable packages’ in the ‘Writing R Extensions’ manual.
Flavors: r-devel-linux-x86_64-fedora-clang, r-devel-linux-x86_64-fedora-gcc