CRAN Package Check Results for Package MoonFinder

Last updated on 2019-03-27 00:48:05 CET.

Flavor Version Tinstall Tcheck Ttotal Status Flags
r-devel-linux-x86_64-debian-clang 1.0.1 20.60 186.97 207.57 OK
r-devel-linux-x86_64-debian-gcc 1.0.1 17.45 151.13 168.58 OK
r-devel-linux-x86_64-fedora-clang 1.0.1 254.91 OK
r-devel-linux-x86_64-fedora-gcc 1.0.1 250.55 OK
r-devel-windows-ix86+x86_64 1.0.1 47.00 290.00 337.00 OK
r-patched-linux-x86_64 1.0.1 11.77 177.89 189.66 OK
r-patched-solaris-x86 1.0.1 361.70 OK
r-release-linux-x86_64 1.0.1 14.34 180.09 194.43 OK
r-release-windows-ix86+x86_64 1.0.1 38.00 216.00 254.00 OK
r-release-osx-x86_64 1.0.1 ERROR
r-oldrel-windows-ix86+x86_64 1.0.1 25.00 222.00 247.00 OK
r-oldrel-osx-x86_64 1.0.1 ERROR

Check Details

Version: 1.0.1
Check: package dependencies
Result: ERROR
    Package required but not available: ‘clusterProfiler’
    
    See section ‘The DESCRIPTION file’ in the ‘Writing R Extensions’
    manual.
Flavor: r-release-osx-x86_64

Version: 1.0.1
Check: package dependencies
Result: ERROR
    Package required but not available: ‘org.Hs.eg.db’
    
    See section ‘The DESCRIPTION file’ in the ‘Writing R Extensions’
    manual.
Flavor: r-oldrel-osx-x86_64