CRAN Package Check Results for Package NTsets

Last updated on 2019-03-27 00:48:07 CET.

Flavor Version Tinstall Tcheck Ttotal Status Flags
r-devel-linux-x86_64-debian-clang 1.0 9.64 75.94 85.58 OK
r-devel-linux-x86_64-debian-gcc 1.0 8.07 61.16 69.23 OK
r-devel-linux-x86_64-fedora-clang 1.0 108.78 OK
r-devel-linux-x86_64-fedora-gcc 1.0 95.48 OK
r-devel-windows-ix86+x86_64 1.0 27.00 84.00 111.00 OK
r-patched-linux-x86_64 1.0 5.49 70.63 76.12 OK
r-patched-solaris-x86 1.0 153.20 OK
r-release-linux-x86_64 1.0 6.52 70.66 77.18 OK
r-release-windows-ix86+x86_64 1.0 15.00 110.00 125.00 OK
r-release-osx-x86_64 1.0 ERROR
r-oldrel-windows-ix86+x86_64 1.0 11.00 118.00 129.00 OK
r-oldrel-osx-x86_64 1.0 ERROR

Check Details

Version: 1.0
Check: package dependencies
Result: ERROR
    Packages required but not available: ‘gWidgetsRGtk2’ ‘RGtk2Extras’ ‘RGtk2’
    
    See section ‘The DESCRIPTION file’ in the ‘Writing R Extensions’
    manual.
Flavors: r-release-osx-x86_64, r-oldrel-osx-x86_64