CRAN Package Check Results for Package OceanView

Last updated on 2019-03-27 00:48:07 CET.

Flavor Version Tinstall Tcheck Ttotal Status Flags
r-devel-linux-x86_64-debian-clang 1.0.4 9.44 86.81 96.25 OK
r-devel-linux-x86_64-debian-gcc 1.0.4 7.06 68.08 75.14 OK
r-devel-linux-x86_64-fedora-clang 1.0.4 120.15 NOTE
r-devel-linux-x86_64-fedora-gcc 1.0.4 116.79 NOTE
r-devel-windows-ix86+x86_64 1.0.4 19.00 186.00 205.00 OK
r-patched-linux-x86_64 1.0.4 8.14 84.83 92.97 OK
r-patched-solaris-x86 1.0.4 146.90 OK
r-release-linux-x86_64 1.0.4 7.80 83.24 91.04 OK
r-release-windows-ix86+x86_64 1.0.4 22.00 206.00 228.00 OK
r-release-osx-x86_64 1.0.4 OK
r-oldrel-windows-ix86+x86_64 1.0.4 11.00 221.00 232.00 OK
r-oldrel-osx-x86_64 1.0.4 OK

Check Details

Version: 1.0.4
Check: compiled code
Result: NOTE
    File ‘OceanView/libs/OceanView.so’:
     Found no calls to: ‘R_registerRoutines’, ‘R_useDynamicSymbols’
    
    It is good practice to register native routines and to disable symbol
    search.
    
    See ‘Writing portable packages’ in the ‘Writing R Extensions’ manual.
Flavors: r-devel-linux-x86_64-fedora-clang, r-devel-linux-x86_64-fedora-gcc