Last updated on 2019-03-27 00:48:08 CET.
Flavor | Version | Tinstall | Tcheck | Ttotal | Status | Flags |
---|---|---|---|---|---|---|
r-devel-linux-x86_64-debian-clang | 1.0 | 2.53 | 25.89 | 28.42 | OK | |
r-devel-linux-x86_64-debian-gcc | 1.0 | 2.21 | 21.22 | 23.43 | OK | |
r-devel-linux-x86_64-fedora-clang | 1.0 | 34.68 | NOTE | |||
r-devel-linux-x86_64-fedora-gcc | 1.0 | 35.03 | OK | |||
r-devel-windows-ix86+x86_64 | 1.0 | 9.00 | 53.00 | 62.00 | NOTE | |
r-patched-linux-x86_64 | 1.0 | 1.74 | 24.51 | 26.25 | OK | |
r-patched-solaris-x86 | 1.0 | 51.40 | NOTE | |||
r-release-linux-x86_64 | 1.0 | 2.01 | 24.43 | 26.44 | OK | |
r-release-windows-ix86+x86_64 | 1.0 | 8.00 | 54.00 | 62.00 | NOTE | |
r-release-osx-x86_64 | 1.0 | NOTE | ||||
r-oldrel-windows-ix86+x86_64 | 1.0 | 5.00 | 50.00 | 55.00 | NOTE | |
r-oldrel-osx-x86_64 | 1.0 | NOTE |
Version: 1.0
Check: installed package size
Result: NOTE
installed size is 5.8Mb
sub-directories of 1Mb or more:
extdata 5.7Mb
Flavors: r-devel-linux-x86_64-fedora-clang, r-devel-windows-ix86+x86_64, r-patched-solaris-x86, r-release-windows-ix86+x86_64, r-release-osx-x86_64, r-oldrel-windows-ix86+x86_64, r-oldrel-osx-x86_64