CRAN Package Check Results for Package PWD

Last updated on 2019-03-27 00:48:10 CET.

Flavor Version Tinstall Tcheck Ttotal Status Flags
r-devel-linux-x86_64-debian-clang 1.0 23.41 23.10 46.51 OK
r-devel-linux-x86_64-debian-gcc 1.0 19.94 18.88 38.82 OK
r-devel-linux-x86_64-fedora-clang 1.0 69.25 NOTE
r-devel-linux-x86_64-fedora-gcc 1.0 63.86 NOTE
r-devel-windows-ix86+x86_64 1.0 74.00 72.00 146.00 OK
r-patched-linux-x86_64 1.0 21.33 21.61 42.94 OK
r-patched-solaris-x86 1.0 72.30 OK
r-release-linux-x86_64 1.0 21.73 21.69 43.42 OK
r-release-windows-ix86+x86_64 1.0 67.00 75.00 142.00 OK
r-release-osx-x86_64 1.0 OK
r-oldrel-windows-ix86+x86_64 1.0 49.00 53.00 102.00 OK
r-oldrel-osx-x86_64 1.0 OK

Check Details

Version: 1.0
Check: compiled code
Result: NOTE
    File ‘PWD/libs/PWD.so’:
     Found no calls to: ‘R_registerRoutines’, ‘R_useDynamicSymbols’
    
    It is good practice to register native routines and to disable symbol
    search.
    
    See ‘Writing portable packages’ in the ‘Writing R Extensions’ manual.
Flavors: r-devel-linux-x86_64-fedora-clang, r-devel-linux-x86_64-fedora-gcc