Last updated on 2019-03-27 00:48:08 CET.
Flavor | Version | Tinstall | Tcheck | Ttotal | Status | Flags |
---|---|---|---|---|---|---|
r-devel-linux-x86_64-debian-clang | 1.0.9 | 22.73 | 30.25 | 52.98 | OK | |
r-devel-linux-x86_64-debian-gcc | 1.0.9 | 20.52 | 24.31 | 44.83 | OK | |
r-devel-linux-x86_64-fedora-clang | 1.0.9 | 77.36 | NOTE | |||
r-devel-linux-x86_64-fedora-gcc | 1.0.9 | 69.81 | NOTE | |||
r-devel-windows-ix86+x86_64 | 1.0.9 | 70.00 | 78.00 | 148.00 | OK | |
r-patched-linux-x86_64 | 1.0.9 | 25.80 | 28.32 | 54.12 | OK | |
r-patched-solaris-x86 | 1.0.9 | 76.80 | OK | |||
r-release-linux-x86_64 | 1.0.9 | 25.80 | 27.90 | 53.70 | OK | |
r-release-windows-ix86+x86_64 | 1.0.9 | 65.00 | 84.00 | 149.00 | OK | |
r-release-osx-x86_64 | 1.0.9 | OK | ||||
r-oldrel-windows-ix86+x86_64 | 1.0.9 | 47.00 | 58.00 | 105.00 | OK | |
r-oldrel-osx-x86_64 | 1.0.9 | OK |
Version: 1.0.9
Check: compiled code
Result: NOTE
File ‘PanelCount/libs/PanelCount.so’:
Found no calls to: ‘R_registerRoutines’, ‘R_useDynamicSymbols’
It is good practice to register native routines and to disable symbol
search.
See ‘Writing portable packages’ in the ‘Writing R Extensions’ manual.
Flavors: r-devel-linux-x86_64-fedora-clang, r-devel-linux-x86_64-fedora-gcc