Last updated on 2019-03-27 00:48:11 CET.
Flavor | Version | Tinstall | Tcheck | Ttotal | Status | Flags |
---|---|---|---|---|---|---|
r-devel-linux-x86_64-debian-clang | 1.1-2 | 2.45 | 18.08 | 20.53 | NOTE | |
r-devel-linux-x86_64-debian-gcc | 1.1-2 | 1.76 | 14.62 | 16.38 | NOTE | |
r-devel-linux-x86_64-fedora-clang | 1.1-2 | 24.82 | NOTE | |||
r-devel-linux-x86_64-fedora-gcc | 1.1-2 | 23.53 | NOTE | |||
r-devel-windows-ix86+x86_64 | 1.1-2 | 7.00 | 27.00 | 34.00 | NOTE | |
r-patched-linux-x86_64 | 1.1-2 | 1.43 | 17.01 | 18.44 | NOTE | |
r-patched-solaris-x86 | 1.1-2 | 33.70 | NOTE | |||
r-release-linux-x86_64 | 1.1-2 | 1.30 | 17.14 | 18.44 | NOTE | |
r-release-windows-ix86+x86_64 | 1.1-2 | 4.00 | 26.00 | 30.00 | NOTE | |
r-release-osx-x86_64 | 1.1-2 | NOTE | ||||
r-oldrel-windows-ix86+x86_64 | 1.1-2 | 3.00 | 27.00 | 30.00 | NOTE | |
r-oldrel-osx-x86_64 | 1.1-2 | NOTE |
Version: 1.1-2
Check: DESCRIPTION meta-information
Result: NOTE
Malformed Description field: should contain one or more complete sentences.
Flavors: r-devel-linux-x86_64-debian-clang, r-devel-linux-x86_64-debian-gcc, r-devel-linux-x86_64-fedora-clang, r-devel-linux-x86_64-fedora-gcc, r-devel-windows-ix86+x86_64, r-patched-linux-x86_64, r-patched-solaris-x86, r-release-linux-x86_64, r-release-windows-ix86+x86_64, r-release-osx-x86_64, r-oldrel-windows-ix86+x86_64, r-oldrel-osx-x86_64
Version: 1.1-2
Check: R code for possible problems
Result: NOTE
brewer.pal: no visible global function definition for 'rgb'
display.brewer.all: no visible global function definition for 'par'
display.brewer.all: no visible global function definition for 'plot'
display.brewer.all: no visible global function definition for 'rect'
display.brewer.all: no visible global function definition for 'text'
display.brewer.pal: no visible global function definition for 'image'
Undefined global functions or variables:
image par plot rect rgb text
Consider adding
importFrom("grDevices", "rgb")
importFrom("graphics", "image", "par", "plot", "rect", "text")
to your NAMESPACE file.
Flavors: r-devel-linux-x86_64-debian-clang, r-devel-linux-x86_64-debian-gcc, r-devel-linux-x86_64-fedora-clang, r-devel-linux-x86_64-fedora-gcc, r-devel-windows-ix86+x86_64, r-patched-linux-x86_64, r-patched-solaris-x86, r-release-linux-x86_64, r-release-windows-ix86+x86_64, r-release-osx-x86_64, r-oldrel-windows-ix86+x86_64, r-oldrel-osx-x86_64