Last updated on 2019-03-27 00:48:12 CET.
Flavor | Version | Tinstall | Tcheck | Ttotal | Status | Flags |
---|---|---|---|---|---|---|
r-devel-linux-x86_64-debian-clang | 1.2 | 10.00 | 78.15 | 88.15 | OK | |
r-devel-linux-x86_64-debian-gcc | 1.2 | 7.85 | 62.80 | 70.65 | OK | |
r-devel-linux-x86_64-fedora-clang | 1.2 | 109.90 | OK | |||
r-devel-linux-x86_64-fedora-gcc | 1.2 | 107.50 | OK | |||
r-devel-windows-ix86+x86_64 | 1.2 | 24.00 | 95.00 | 119.00 | OK | |
r-patched-linux-x86_64 | 1.2 | 5.17 | 75.46 | 80.63 | OK | |
r-patched-solaris-x86 | 1.2 | 166.80 | OK | |||
r-release-linux-x86_64 | 1.2 | 5.48 | 74.76 | 80.24 | OK | |
r-release-windows-ix86+x86_64 | 1.2 | 16.00 | 118.00 | 134.00 | OK | |
r-release-osx-x86_64 | 1.2 | OK | ||||
r-oldrel-windows-ix86+x86_64 | 1.2 | 12.00 | 97.00 | 109.00 | OK | |
r-oldrel-osx-x86_64 | 1.2 | ERROR |
Version: 1.2
Check: package dependencies
Result: ERROR
Package required but not available: ‘copula’
See section ‘The DESCRIPTION file’ in the ‘Writing R Extensions’
manual.
Flavor: r-oldrel-osx-x86_64