Last updated on 2019-03-27 00:48:13 CET.
Flavor | Version | Tinstall | Tcheck | Ttotal | Status | Flags |
---|---|---|---|---|---|---|
r-devel-linux-x86_64-debian-clang | 0.10.17 | 5.91 | 29.14 | 35.05 | OK | |
r-devel-linux-x86_64-debian-gcc | 0.10.17 | 4.46 | 23.94 | 28.40 | OK | |
r-devel-linux-x86_64-fedora-clang | 0.10.17 | 43.48 | OK | |||
r-devel-linux-x86_64-fedora-gcc | 0.10.17 | 40.72 | OK | |||
r-devel-windows-ix86+x86_64 | 0.10.17 | 49.00 | 155.00 | 204.00 | NOTE | |
r-patched-linux-x86_64 | 0.10.17 | 4.53 | 27.53 | 32.06 | OK | |
r-patched-solaris-x86 | 0.10.17 | 60.40 | OK | |||
r-release-linux-x86_64 | 0.10.17 | 4.26 | 27.98 | 32.24 | OK | |
r-release-windows-ix86+x86_64 | 0.10.17 | 45.00 | 154.00 | 199.00 | NOTE | |
r-release-osx-x86_64 | 0.10.17 | OK | ||||
r-oldrel-windows-ix86+x86_64 | 0.10.17 | 31.00 | 148.00 | 179.00 | NOTE | |
r-oldrel-osx-x86_64 | 0.10.17 | OK |
Version: 0.10.17
Check: installed package size
Result: NOTE
installed size is 6.6Mb
sub-directories of 1Mb or more:
libs 6.2Mb
Flavors: r-devel-windows-ix86+x86_64, r-release-windows-ix86+x86_64, r-oldrel-windows-ix86+x86_64