Last updated on 2019-03-27 00:48:14 CET.
Flavor | Version | Tinstall | Tcheck | Ttotal | Status | Flags |
---|---|---|---|---|---|---|
r-devel-linux-x86_64-debian-clang | 1.0.1 | 6.85 | 91.95 | 98.80 | OK | |
r-devel-linux-x86_64-debian-gcc | 1.0.1 | 6.44 | 68.44 | 74.88 | OK | |
r-devel-linux-x86_64-fedora-clang | 1.0.1 | 119.55 | NOTE | |||
r-devel-linux-x86_64-fedora-gcc | 1.0.1 | 112.11 | NOTE | |||
r-devel-windows-ix86+x86_64 | 1.0.1 | 14.00 | 104.00 | 118.00 | OK | |
r-patched-linux-x86_64 | 1.0.1 | 4.25 | 86.35 | 90.60 | OK | |
r-patched-solaris-x86 | 1.0.1 | 148.70 | NOTE | |||
r-release-linux-x86_64 | 1.0.1 | 4.63 | 85.95 | 90.58 | OK | |
r-release-windows-ix86+x86_64 | 1.0.1 | 12.00 | 109.00 | 121.00 | OK | |
r-release-osx-x86_64 | 1.0.1 | NOTE | ||||
r-oldrel-windows-ix86+x86_64 | 1.0.1 | 9.00 | 103.00 | 112.00 | OK | |
r-oldrel-osx-x86_64 | 1.0.1 | NOTE |
Version: 1.0.1
Check: dependencies in R code
Result: NOTE
Namespaces in Imports field not imported from:
‘ape’ ‘igraph’
All declared Imports should be used.
Flavors: r-devel-linux-x86_64-fedora-clang, r-devel-linux-x86_64-fedora-gcc, r-patched-solaris-x86, r-release-osx-x86_64, r-oldrel-osx-x86_64