Last updated on 2019-03-27 00:48:11 CET.
Flavor | Version | Tinstall | Tcheck | Ttotal | Status | Flags |
---|---|---|---|---|---|---|
r-devel-linux-x86_64-debian-clang | 0.9.300.2.0 | 36.68 | 228.72 | 265.40 | OK | |
r-devel-linux-x86_64-debian-gcc | 0.9.300.2.0 | 29.08 | 168.07 | 197.15 | OK | |
r-devel-linux-x86_64-fedora-clang | 0.9.300.2.0 | 354.23 | NOTE | |||
r-devel-linux-x86_64-fedora-gcc | 0.9.300.2.0 | 317.20 | OK | |||
r-devel-windows-ix86+x86_64 | 0.9.300.2.0 | 119.00 | 649.00 | 768.00 | NOTE | |
r-patched-linux-x86_64 | 0.9.300.2.0 | 33.79 | 218.50 | 252.29 | OK | |
r-patched-solaris-x86 | 0.9.300.2.0 | 251.20 | NOTE | |||
r-release-linux-x86_64 | 0.9.300.2.0 | 30.85 | 217.80 | 248.65 | OK | |
r-release-windows-ix86+x86_64 | 0.9.300.2.0 | 129.00 | 566.00 | 695.00 | NOTE | |
r-release-osx-x86_64 | 0.9.200.7.1 | NOTE | ||||
r-oldrel-windows-ix86+x86_64 | 0.9.300.2.0 | 94.00 | 398.00 | 492.00 | NOTE | |
r-oldrel-osx-x86_64 | 0.9.200.7.1 | NOTE |
Version: 0.9.300.2.0
Check: installed package size
Result: NOTE
installed size is 8.0Mb
sub-directories of 1Mb or more:
include 5.6Mb
libs 1.4Mb
Flavors: r-devel-linux-x86_64-fedora-clang, r-devel-windows-ix86+x86_64, r-patched-solaris-x86, r-release-windows-ix86+x86_64, r-oldrel-windows-ix86+x86_64
Version: 0.9.200.7.1
Check: installed package size
Result: NOTE
installed size is 8.2Mb
sub-directories of 1Mb or more:
include 5.5Mb
libs 1.7Mb
Flavors: r-release-osx-x86_64, r-oldrel-osx-x86_64