Last updated on 2019-03-27 00:48:11 CET.
Flavor | Version | Tinstall | Tcheck | Ttotal | Status | Flags |
---|---|---|---|---|---|---|
r-devel-linux-x86_64-debian-clang | 0.2.3 | 70.52 | 61.28 | 131.80 | OK | |
r-devel-linux-x86_64-debian-gcc | 0.2.3 | 61.07 | 48.42 | 109.49 | OK | |
r-devel-linux-x86_64-fedora-clang | 0.2.3 | 192.82 | NOTE | |||
r-devel-linux-x86_64-fedora-gcc | 0.2.3 | 179.02 | NOTE | |||
r-devel-windows-ix86+x86_64 | 0.2.3 | 228.00 | 117.00 | 345.00 | OK | |
r-patched-linux-x86_64 | 0.2.3 | 73.63 | 58.96 | 132.59 | OK | |
r-patched-solaris-x86 | 0.2.3 | 196.60 | OK | |||
r-release-linux-x86_64 | 0.2.3 | 69.92 | 59.69 | 129.61 | OK | |
r-release-windows-ix86+x86_64 | 0.2.3 | 215.00 | 146.00 | 361.00 | OK | |
r-release-osx-x86_64 | 0.2.3 | NOTE | ||||
r-oldrel-windows-ix86+x86_64 | 0.2.3 | 170.00 | 153.00 | 323.00 | OK | |
r-oldrel-osx-x86_64 | 0.2.3 | NOTE |
Version: 0.2.3
Check: installed package size
Result: NOTE
installed size is 8.2Mb
sub-directories of 1Mb or more:
libs 7.9Mb
Flavors: r-devel-linux-x86_64-fedora-clang, r-release-osx-x86_64, r-oldrel-osx-x86_64
Version: 0.2.3
Check: compiled code
Result: NOTE
File ‘RcppBDT/libs/RcppBDT.so’:
Found no calls to: ‘R_registerRoutines’, ‘R_useDynamicSymbols’
It is good practice to register native routines and to disable symbol
search.
See ‘Writing portable packages’ in the ‘Writing R Extensions’ manual.
Flavors: r-devel-linux-x86_64-fedora-clang, r-devel-linux-x86_64-fedora-gcc