CRAN Package Check Results for Package RcppCNPy

Last updated on 2019-03-27 00:48:11 CET.

Flavor Version Tinstall Tcheck Ttotal Status Flags
r-devel-linux-x86_64-debian-clang 0.2.10 18.95 61.62 80.57 OK
r-devel-linux-x86_64-debian-gcc 0.2.10 14.80 50.57 65.37 OK
r-devel-linux-x86_64-fedora-clang 0.2.10 131.97 WARN
r-devel-linux-x86_64-fedora-gcc 0.2.10 123.94 WARN
r-devel-windows-ix86+x86_64 0.2.10 57.00 175.00 232.00 OK
r-patched-linux-x86_64 0.2.10 14.51 56.92 71.43 OK
r-patched-solaris-x86 0.2.10 81.00 WARN
r-release-linux-x86_64 0.2.10 16.56 57.16 73.72 OK
r-release-windows-ix86+x86_64 0.2.10 58.00 121.00 179.00 OK
r-release-osx-x86_64 0.2.10 OK
r-oldrel-windows-ix86+x86_64 0.2.10 41.00 125.00 166.00 OK
r-oldrel-osx-x86_64 0.2.10 OK

Check Details

Version: 0.2.10
Check: re-building of vignette outputs
Result: WARN
    Error(s) in re-building vignettes:
    --- re-building ‘RcppCNPy-intro.Rmd’ using rmarkdown
    tlmgr search --file --global '/lettrine.sty'
    TeX Live 2018 is frozen forever and will no
    longer be updated. This happens in preparation for a new release.
    
    If you're interested in helping to pretest the new release (when
    pretests are available), please read https://tug.org/texlive/pretest.html.
    Otherwise, just wait, and the new release will be ready in due time.
    Trying to automatically install missing LaTeX packages...
    tlmgr install lettrine
    TeX Live 2018 is frozen forever and will no
    longer be updated. This happens in preparation for a new release.
    
    If you're interested in helping to pretest the new release (when
    pretests are available), please read https://tug.org/texlive/pretest.html.
    Otherwise, just wait, and the new release will be ready in due time.
    tlmgr: package repository http://mirror.ox.ac.uk/sites/ctan.org/systems/texlive/tlnet (verified)
    tlmgr install: package already present: lettrine
    tlmgr path add
    add_link_dir_dir: /usr/local/share/info/dir exists; not making symlink.
    tlmgr search --file --global '/lettrine.sty'
    TeX Live 2018 is frozen forever and will no
    longer be updated. This happens in preparation for a new release.
    
    If you're interested in helping to pretest the new release (when
    pretests are available), please read https://tug.org/texlive/pretest.html.
    Otherwise, just wait, and the new release will be ready in due time.
    ! LaTeX Error: File `lettrine.sty' not found.
    
    ! Emergency stop.
    <read *>
    
    Error: processing vignette 'RcppCNPy-intro.Rmd' failed with diagnostics:
    Failed to compile RcppCNPy-intro.tex. See https://yihui.name/tinytex/r/#debugging for debugging tips. See RcppCNPy-intro.log for more info.
    --- failed re-building ‘RcppCNPy-intro.Rmd’
    
    --- re-building ‘UsingReticulate.Rmd’ using rmarkdown
    tlmgr search --file --global '/lettrine.sty'
    TeX Live 2018 is frozen forever and will no
    longer be updated. This happens in preparation for a new release.
    
    If you're interested in helping to pretest the new release (when
    pretests are available), please read https://tug.org/texlive/pretest.html.
    Otherwise, just wait, and the new release will be ready in due time.
    Trying to automatically install missing LaTeX packages...
    tlmgr install lettrine
    TeX Live 2018 is frozen forever and will no
    longer be updated. This happens in preparation for a new release.
    
    If you're interested in helping to pretest the new release (when
    pretests are available), please read https://tug.org/texlive/pretest.html.
    Otherwise, just wait, and the new release will be ready in due time.
    tlmgr: package repository http://mirror.ox.ac.uk/sites/ctan.org/systems/texlive/tlnet (verified)
    tlmgr install: package already present: lettrine
    tlmgr path add
    add_link_dir_dir: /usr/local/share/info/dir exists; not making symlink.
    tlmgr search --file --global '/lettrine.sty'
    TeX Live 2018 is frozen forever and will no
    longer be updated. This happens in preparation for a new release.
    
    If you're interested in helping to pretest the new release (when
    pretests are available), please read https://tug.org/texlive/pretest.html.
    Otherwise, just wait, and the new release will be ready in due time.
    ! LaTeX Error: File `lettrine.sty' not found.
    
    ! Emergency stop.
    <read *>
    
    Error: processing vignette 'UsingReticulate.Rmd' failed with diagnostics:
    Failed to compile UsingReticulate.tex. See https://yihui.name/tinytex/r/#debugging for debugging tips. See UsingReticulate.log for more info.
    --- failed re-building ‘UsingReticulate.Rmd’
    
    SUMMARY: processing the following files failed:
     ‘RcppCNPy-intro.Rmd’ ‘UsingReticulate.Rmd’
    
    Error: Vignette re-building failed.
    Execution halted
Flavors: r-devel-linux-x86_64-fedora-clang, r-devel-linux-x86_64-fedora-gcc

Version: 0.2.10
Check: re-building of vignette outputs
Result: WARN
    Error in re-building vignettes:
     ...
    Warning in engine$weave(file, quiet = quiet, encoding = enc) :
     Pandoc (>= 1.12.3) and/or pandoc-citeproc not available. Falling back to R Markdown v1.
    Quitting from lines 95-104 (RcppCNPy-intro.Rmd)
    Error: processing vignette 'RcppCNPy-intro.Rmd' failed with diagnostics:
    Python shared library not found, Python bindings not loaded.
    Execution halted
Flavor: r-patched-solaris-x86