Last updated on 2019-03-27 00:48:13 CET.
Flavor | Version | Tinstall | Tcheck | Ttotal | Status | Flags |
---|---|---|---|---|---|---|
r-devel-linux-x86_64-debian-clang | 0.1.6.2 | 31.33 | 23.84 | 55.17 | OK | |
r-devel-linux-x86_64-debian-gcc | 0.1.6.2 | 23.01 | 19.20 | 42.21 | OK | |
r-devel-linux-x86_64-fedora-clang | 0.1.6.2 | 78.16 | OK | |||
r-devel-linux-x86_64-fedora-gcc | 0.1.6.2 | 70.53 | OK | |||
r-devel-windows-ix86+x86_64 | 0.1.6.2 | 74.00 | 56.00 | 130.00 | OK | |
r-patched-linux-x86_64 | 0.1.6.2 | 27.48 | 22.14 | 49.62 | OK | |
r-release-linux-x86_64 | 0.1.6.2 | 29.71 | 22.40 | 52.11 | OK | |
r-release-windows-ix86+x86_64 | 0.1.6.2 | 71.00 | 75.00 | 146.00 | OK | |
r-release-osx-x86_64 | 0.1.6.2 | ERROR | ||||
r-oldrel-windows-ix86+x86_64 | 0.1.6.2 | 56.00 | 69.00 | 125.00 | OK | |
r-oldrel-osx-x86_64 | 0.1.6.2 | ERROR |
Version: 0.1.6.2
Check: whether package can be installed
Result: ERROR
Installation failed.
Flavors: r-release-osx-x86_64, r-oldrel-osx-x86_64