Last updated on 2019-03-27 00:48:13 CET.
Flavor | Version | Tinstall | Tcheck | Ttotal | Status | Flags |
---|---|---|---|---|---|---|
r-devel-linux-x86_64-debian-clang | 1.2.1 | 31.97 | 119.64 | 151.61 | OK | |
r-devel-linux-x86_64-debian-gcc | 1.2.1 | 25.21 | 96.87 | 122.08 | OK | |
r-devel-linux-x86_64-fedora-clang | 1.2.1 | 198.49 | NOTE | |||
r-devel-linux-x86_64-fedora-gcc | 1.2.1 | 189.82 | NOTE | |||
r-devel-windows-ix86+x86_64 | 1.2.1 | 61.00 | 271.00 | 332.00 | OK | |
r-patched-linux-x86_64 | 1.2.1 | 26.90 | 116.34 | 143.24 | OK | |
r-patched-solaris-x86 | 1.2.1 | 476.50 | NOTE | |||
r-release-linux-x86_64 | 1.2.1 | 28.47 | 114.79 | 143.26 | OK | |
r-release-windows-ix86+x86_64 | 1.2.1 | 70.00 | 328.00 | 398.00 | OK | |
r-release-osx-x86_64 | 1.2.1 | ERROR | ||||
r-oldrel-windows-ix86+x86_64 | 1.2.1 | 49.00 | 6.00 | 55.00 | ERROR | |
r-oldrel-osx-x86_64 | 1.2.1 | ERROR |
Version: 1.2.1
Check: dependencies in R code
Result: NOTE
Namespace in Imports field not imported from: ‘impute’
All declared Imports should be used.
Flavors: r-devel-linux-x86_64-fedora-clang, r-devel-linux-x86_64-fedora-gcc, r-patched-solaris-x86
Version: 1.2.1
Check: package dependencies
Result: ERROR
Packages required and available but unsuitable versions:
‘impute’ ‘MassSpecWavelet’
See section ‘The DESCRIPTION file’ in the ‘Writing R Extensions’
manual.
Flavors: r-release-osx-x86_64, r-oldrel-windows-ix86+x86_64, r-oldrel-osx-x86_64