Last updated on 2019-03-27 00:48:14 CET.
Flavor | Version | Tinstall | Tcheck | Ttotal | Status | Flags |
---|---|---|---|---|---|---|
r-devel-linux-x86_64-debian-clang | 0.1-28 | 2.74 | 18.70 | 21.44 | OK | |
r-devel-linux-x86_64-debian-gcc | 0.1-28 | 2.20 | 17.27 | 19.47 | OK | |
r-devel-linux-x86_64-fedora-clang | 0.1-28 | 26.88 | OK | |||
r-devel-linux-x86_64-fedora-gcc | 0.1-28 | 25.00 | OK | |||
r-devel-windows-ix86+x86_64 | 0.1-28 | 17.00 | 62.00 | 79.00 | NOTE | |
r-patched-linux-x86_64 | 0.1-28 | 2.12 | 17.79 | 19.91 | OK | |
r-release-linux-x86_64 | 0.1-28 | 1.64 | 17.85 | 19.49 | OK | |
r-release-windows-ix86+x86_64 | 0.1-28 | 11.00 | 63.00 | 74.00 | NOTE | |
r-release-osx-x86_64 | 0.1-28 | ERROR | ||||
r-oldrel-windows-ix86+x86_64 | 0.1-28 | 12.00 | 62.00 | 74.00 | NOTE | |
r-oldrel-osx-x86_64 | 0.1-28 | ERROR |
Version: 0.1-28
Check: installed package size
Result: NOTE
installed size is 8.8Mb
sub-directories of 1Mb or more:
libs 8.7Mb
Flavors: r-devel-windows-ix86+x86_64, r-release-windows-ix86+x86_64, r-oldrel-windows-ix86+x86_64
Version: 0.1-28
Check: whether package can be installed
Result: ERROR
Installation failed.
Flavors: r-release-osx-x86_64, r-oldrel-osx-x86_64