Last updated on 2019-03-27 00:48:15 CET.
Flavor | Version | Tinstall | Tcheck | Ttotal | Status | Flags |
---|---|---|---|---|---|---|
r-devel-linux-x86_64-debian-clang | 0.0.1 | 48.63 | 76.41 | 125.04 | OK | |
r-devel-linux-x86_64-debian-gcc | 0.0.1 | 46.32 | 61.00 | 107.32 | OK | |
r-devel-linux-x86_64-fedora-clang | 0.0.1 | 167.29 | NOTE | |||
r-devel-linux-x86_64-fedora-gcc | 0.0.1 | 158.52 | OK | |||
r-devel-windows-ix86+x86_64 | 0.0.1 | 92.00 | 209.00 | 301.00 | OK | |
r-patched-linux-x86_64 | 0.0.1 | 47.65 | 73.29 | 120.94 | OK | |
r-patched-solaris-x86 | 0.0.1 | 179.50 | OK | |||
r-release-linux-x86_64 | 0.0.1 | 46.40 | 73.77 | 120.17 | OK | |
r-release-windows-ix86+x86_64 | 0.0.1 | 112.00 | 138.00 | 250.00 | OK | |
r-release-osx-x86_64 | 0.0.1 | NOTE | ||||
r-oldrel-windows-ix86+x86_64 | 0.0.1 | 82.00 | 161.00 | 243.00 | OK | |
r-oldrel-osx-x86_64 | 0.0.1 | NOTE |
Version: 0.0.1
Check: installed package size
Result: NOTE
installed size is 16.3Mb
sub-directories of 1Mb or more:
libs 15.9Mb
Flavors: r-devel-linux-x86_64-fedora-clang, r-release-osx-x86_64, r-oldrel-osx-x86_64
Version: 0.0.1
Check: package dependencies
Result: NOTE
Package suggested but not available for checking: ‘BiocStyle’
Flavors: r-release-osx-x86_64, r-oldrel-osx-x86_64