Last updated on 2019-03-27 00:48:18 CET.
Flavor | Version | Tinstall | Tcheck | Ttotal | Status | Flags |
---|---|---|---|---|---|---|
r-devel-linux-x86_64-debian-clang | 0.5.8 | 35.02 | 295.93 | 330.95 | NOTE | |
r-devel-linux-x86_64-debian-gcc | 0.5.8 | 30.63 | 235.02 | 265.65 | NOTE | |
r-devel-linux-x86_64-fedora-clang | 0.5.8 | 423.13 | NOTE | |||
r-devel-linux-x86_64-fedora-gcc | 0.5.8 | 423.97 | NOTE | |||
r-devel-windows-ix86+x86_64 | 0.5.8 | 68.00 | 300.00 | 368.00 | NOTE | |
r-patched-linux-x86_64 | 0.5.8 | 23.15 | 282.90 | 306.05 | NOTE | |
r-patched-solaris-x86 | 0.5.8 | 551.50 | NOTE | |||
r-release-linux-x86_64 | 0.5.8 | 18.88 | 280.35 | 299.23 | NOTE | |
r-release-windows-ix86+x86_64 | 0.5.8 | 52.00 | 294.00 | 346.00 | NOTE | |
r-release-osx-x86_64 | 0.5.8 | ERROR | ||||
r-oldrel-windows-ix86+x86_64 | 0.5.8 | 39.00 | 315.00 | 354.00 | NOTE | |
r-oldrel-osx-x86_64 | 0.5.8 | NOTE |
Version: 0.5.8
Check: package dependencies
Result: NOTE
Package suggested but not available for checking: 'STRaitRazoR'
Flavors: r-devel-linux-x86_64-debian-clang, r-devel-linux-x86_64-debian-gcc, r-devel-linux-x86_64-fedora-clang, r-devel-linux-x86_64-fedora-gcc, r-devel-windows-ix86+x86_64, r-patched-linux-x86_64, r-patched-solaris-x86, r-release-linux-x86_64, r-release-windows-ix86+x86_64, r-oldrel-windows-ix86+x86_64, r-oldrel-osx-x86_64
Version: 0.5.8
Check: package dependencies
Result: ERROR
Package required but not available: ‘ShortRead’
Package suggested but not available for checking: ‘STRaitRazoR’
See section ‘The DESCRIPTION file’ in the ‘Writing R Extensions’
manual.
Flavor: r-release-osx-x86_64