Last updated on 2019-03-27 00:48:18 CET.
Flavor | Version | Tinstall | Tcheck | Ttotal | Status | Flags |
---|---|---|---|---|---|---|
r-devel-linux-x86_64-debian-clang | 0.2.2 | 10.35 | 71.72 | 82.07 | WARN | |
r-devel-linux-x86_64-debian-gcc | 0.2.2 | 8.04 | 57.60 | 65.64 | NOTE | |
r-devel-linux-x86_64-fedora-clang | 0.2.2 | 101.76 | NOTE | |||
r-devel-linux-x86_64-fedora-gcc | 0.2.2 | 96.10 | OK | |||
r-devel-windows-ix86+x86_64 | 0.2.2 | 19.00 | 110.00 | 129.00 | NOTE | |
r-patched-linux-x86_64 | 0.2.2 | 7.17 | 69.10 | 76.27 | NOTE | |
r-patched-solaris-x86 | 0.2.2 | 123.50 | NOTE | --no-vignettes | ||
r-release-linux-x86_64 | 0.2.2 | 6.34 | 69.30 | 75.64 | NOTE | |
r-release-windows-ix86+x86_64 | 0.2.2 | 19.00 | 100.00 | 119.00 | NOTE | |
r-release-osx-x86_64 | 0.2.2 | NOTE | ||||
r-oldrel-windows-ix86+x86_64 | 0.2.2 | 12.00 | 89.00 | 101.00 | NOTE | |
r-oldrel-osx-x86_64 | 0.2.2 | NOTE |
Version: 0.2.2
Check: package dependencies
Result: NOTE
Package suggested but not available for checking: 'INLA'
Flavors: r-devel-linux-x86_64-debian-clang, r-devel-linux-x86_64-debian-gcc, r-patched-linux-x86_64, r-release-linux-x86_64, r-release-osx-x86_64, r-oldrel-osx-x86_64
Version: 0.2.2
Check: whether package can be installed
Result: WARN
Found the following significant warnings:
Warning: unable to re-encode 'simhyper.R' line 19
Flavor: r-devel-linux-x86_64-debian-clang
Version: 0.2.2
Check: installed package size
Result: NOTE
installed size is 5.4Mb
sub-directories of 1Mb or more:
data 2.7Mb
doc 2.5Mb
Flavors: r-devel-linux-x86_64-fedora-clang, r-devel-windows-ix86+x86_64, r-release-windows-ix86+x86_64, r-release-osx-x86_64, r-oldrel-windows-ix86+x86_64, r-oldrel-osx-x86_64
Version: 0.2.2
Flags: --no-vignettes
Check: package dependencies
Result: NOTE
Package suggested but not available for checking: ‘INLA’
Flavor: r-patched-solaris-x86
Version: 0.2.2
Flags: --no-vignettes
Check: installed package size
Result: NOTE
installed size is 5.5Mb
sub-directories of 1Mb or more:
data 2.8Mb
doc 2.5Mb
Flavor: r-patched-solaris-x86