CRAN Package Check Results for Package SemiCompRisks

Last updated on 2019-03-27 00:48:15 CET.

Flavor Version Tinstall Tcheck Ttotal Status Flags
r-devel-linux-x86_64-debian-clang 3.3 52.54 112.16 164.70 OK
r-devel-linux-x86_64-debian-gcc 3.3 54.93 86.46 141.39 OK
r-devel-linux-x86_64-fedora-clang 3.3 212.49 OK
r-devel-linux-x86_64-fedora-gcc 3.3 214.72 OK
r-devel-windows-ix86+x86_64 3.3 151.00 156.00 307.00 OK
r-patched-linux-x86_64 3.3 56.91 104.30 161.21 OK
r-patched-solaris-x86 3.3 336.80 OK
r-release-linux-x86_64 3.3 57.80 105.84 163.64 OK
r-release-windows-ix86+x86_64 3.3 207.00 148.00 355.00 OK
r-release-osx-x86_64 3.3 NOTE
r-oldrel-windows-ix86+x86_64 3.3 133.00 204.00 337.00 OK
r-oldrel-osx-x86_64 3.3 NOTE

Check Details

Version: 3.3
Check: installed package size
Result: NOTE
     installed size is 6.2Mb
     sub-directories of 1Mb or more:
     libs 5.2Mb
Flavors: r-release-osx-x86_64, r-oldrel-osx-x86_64