CRAN Package Check Results for Package Sleuth3

Last updated on 2019-03-27 00:48:16 CET.

Flavor Version Tinstall Tcheck Ttotal Status Flags
r-devel-linux-x86_64-debian-clang 1.0-3 4.40 242.77 247.17 OK
r-devel-linux-x86_64-debian-gcc 1.0-3 3.98 185.87 189.85 OK
r-devel-linux-x86_64-fedora-clang 1.0-3 295.22 NOTE
r-devel-linux-x86_64-fedora-gcc 1.0-3 284.51 OK
r-devel-windows-ix86+x86_64 1.0-3 21.00 335.00 356.00 NOTE
r-patched-linux-x86_64 1.0-3 3.64 195.42 199.06 OK
r-patched-solaris-x86 1.0-3 298.50 NOTE
r-release-linux-x86_64 1.0-3 3.76 194.53 198.29 OK
r-release-windows-ix86+x86_64 1.0-3 19.00 293.00 312.00 NOTE
r-release-osx-x86_64 1.0-3 NOTE
r-oldrel-windows-ix86+x86_64 1.0-2 12.00 324.00 336.00 OK
r-oldrel-osx-x86_64 1.0-3 ERROR

Check Details

Version: 1.0-3
Check: installed package size
Result: NOTE
     installed size is 5.1Mb
     sub-directories of 1Mb or more:
     doc 3.7Mb
Flavors: r-devel-linux-x86_64-fedora-clang, r-devel-windows-ix86+x86_64, r-patched-solaris-x86, r-release-windows-ix86+x86_64, r-release-osx-x86_64

Version: 1.0-3
Check: whether package can be installed
Result: ERROR
    Installation failed.
Flavor: r-oldrel-osx-x86_64