CRAN Package Check Results for Package SnowballC

Last updated on 2019-03-27 00:48:16 CET.

Flavor Version Tinstall Tcheck Ttotal Status Flags
r-devel-linux-x86_64-debian-clang 0.6.0 7.30 18.79 26.09 OK
r-devel-linux-x86_64-debian-gcc 0.6.0 4.69 16.08 20.77 OK
r-devel-linux-x86_64-fedora-clang 0.6.0 32.19 NOTE
r-devel-linux-x86_64-fedora-gcc 0.6.0 29.48 NOTE
r-devel-windows-ix86+x86_64 0.6.0 40.00 40.00 80.00 OK
r-patched-linux-x86_64 0.6.0 5.60 17.77 23.37 OK
r-patched-solaris-x86 0.6.0 58.30 OK
r-release-linux-x86_64 0.6.0 5.56 17.72 23.28 OK
r-release-windows-ix86+x86_64 0.6.0 27.00 37.00 64.00 OK
r-release-osx-x86_64 0.6.0 OK
r-oldrel-windows-ix86+x86_64 0.6.0 36.00 43.00 79.00 OK
r-oldrel-osx-x86_64 0.6.0 OK

Check Details

Version: 0.6.0
Check: compiled code
Result: NOTE
    File ‘SnowballC/libs/SnowballC.so’:
     Found no calls to: ‘R_registerRoutines’, ‘R_useDynamicSymbols’
    
    It is good practice to register native routines and to disable symbol
    search.
    
    See ‘Writing portable packages’ in the ‘Writing R Extensions’ manual.
Flavors: r-devel-linux-x86_64-fedora-clang, r-devel-linux-x86_64-fedora-gcc