Last updated on 2019-03-27 00:48:16 CET.
Flavor | Version | Tinstall | Tcheck | Ttotal | Status | Flags |
---|---|---|---|---|---|---|
r-devel-linux-x86_64-debian-clang | 1.2 | 2.40 | 19.99 | 22.39 | NOTE | |
r-devel-linux-x86_64-debian-gcc | 1.2 | 1.98 | 16.25 | 18.23 | NOTE | |
r-devel-linux-x86_64-fedora-clang | 1.2 | 28.08 | NOTE | |||
r-devel-linux-x86_64-fedora-gcc | 1.2 | 25.83 | NOTE | |||
r-devel-windows-ix86+x86_64 | 1.2 | 12.00 | 47.00 | 59.00 | OK | |
r-patched-linux-x86_64 | 1.2 | 1.62 | 18.79 | 20.41 | NOTE | |
r-patched-solaris-x86 | 1.2 | 38.50 | NOTE | |||
r-release-linux-x86_64 | 1.2 | 1.47 | 18.80 | 20.27 | NOTE | |
r-release-windows-ix86+x86_64 | 1.2 | 9.00 | 50.00 | 59.00 | OK | |
r-release-osx-x86_64 | 1.2 | NOTE | ||||
r-oldrel-windows-ix86+x86_64 | 1.2 | 6.00 | 47.00 | 53.00 | OK | |
r-oldrel-osx-x86_64 | 1.2 | OK |
Version: 1.2
Check: package dependencies
Result: NOTE
Package suggested but not available for checking: 'SciencesPo'
Flavors: r-devel-linux-x86_64-debian-clang, r-devel-linux-x86_64-debian-gcc, r-devel-linux-x86_64-fedora-clang, r-devel-linux-x86_64-fedora-gcc, r-patched-linux-x86_64, r-patched-solaris-x86, r-release-linux-x86_64, r-release-osx-x86_64
Version: 1.2
Check: compiled code
Result: NOTE
File ‘SoundexBR/libs/SoundexBR.so’:
Found no calls to: ‘R_registerRoutines’, ‘R_useDynamicSymbols’
It is good practice to register native routines and to disable symbol
search.
See ‘Writing portable packages’ in the ‘Writing R Extensions’ manual.
Flavors: r-devel-linux-x86_64-fedora-clang, r-devel-linux-x86_64-fedora-gcc