CRAN Package Check Results for Package SpaTimeClus

Last updated on 2019-03-27 00:48:17 CET.

Flavor Version Tinstall Tcheck Ttotal Status Flags
r-devel-linux-x86_64-debian-clang 1.0 70.65 25.83 96.48 NOTE
r-devel-linux-x86_64-debian-gcc 1.0 56.80 20.98 77.78 NOTE
r-devel-linux-x86_64-fedora-clang 1.0 155.15 NOTE
r-devel-linux-x86_64-fedora-gcc 1.0 134.86 NOTE
r-devel-windows-ix86+x86_64 1.0 177.00 74.00 251.00 NOTE
r-patched-linux-x86_64 1.0 67.30 23.73 91.03 OK
r-patched-solaris-x86 1.0 126.20 OK
r-release-linux-x86_64 1.0 62.68 23.60 86.28 OK
r-release-windows-ix86+x86_64 1.0 183.00 74.00 257.00 OK
r-release-osx-x86_64 1.0 OK
r-oldrel-windows-ix86+x86_64 1.0 141.00 56.00 197.00 OK
r-oldrel-osx-x86_64 1.0 OK

Check Details

Version: 1.0
Check: line endings in C/C++/Fortran sources/headers
Result: NOTE
    Found the following sources/headers not terminated with a newline:
     inst/include/STCXEM.h
     inst/include/STCXEMnonspatial.h
     inst/include/STCXEMspatial.h
     inst/include/STCdata.h
     inst/include/STCmodel.h
     inst/include/STCparam.h
     inst/include/STCtune.h
    Some compilers warn on such files.
Flavors: r-devel-linux-x86_64-debian-clang, r-devel-linux-x86_64-debian-gcc, r-devel-linux-x86_64-fedora-clang, r-devel-linux-x86_64-fedora-gcc, r-devel-windows-ix86+x86_64

Version: 1.0
Check: compiled code
Result: NOTE
    File ‘SpaTimeClus/libs/SpaTimeClus.so’:
     Found no calls to: ‘R_registerRoutines’, ‘R_useDynamicSymbols’
    
    It is good practice to register native routines and to disable symbol
    search.
    
    See ‘Writing portable packages’ in the ‘Writing R Extensions’ manual.
Flavors: r-devel-linux-x86_64-fedora-clang, r-devel-linux-x86_64-fedora-gcc