CRAN Package Check Results for Package StratSel

Last updated on 2019-03-27 00:48:18 CET.

Flavor Version Tinstall Tcheck Ttotal Status Flags
r-devel-linux-x86_64-debian-clang 1.3 5.25 53.60 58.85 OK
r-devel-linux-x86_64-debian-gcc 1.3 4.38 42.37 46.75 OK
r-devel-linux-x86_64-fedora-clang 1.3 74.95 OK
r-devel-linux-x86_64-fedora-gcc 1.3 68.57 OK
r-devel-windows-ix86+x86_64 1.3 22.00 100.00 122.00 OK
r-patched-linux-x86_64 1.3 3.50 52.41 55.91 OK
r-patched-solaris-x86 1.3 104.60 OK
r-release-linux-x86_64 1.3 3.89 51.90 55.79 OK
r-release-windows-ix86+x86_64 1.3 14.00 98.00 112.00 OK
r-release-osx-x86_64 1.3 OK
r-oldrel-windows-ix86+x86_64 1.2 13.00 63.00 76.00 OK
r-oldrel-osx-x86_64 1.3 ERROR

Check Details

Version: 1.3
Check: whether package can be installed
Result: ERROR
    Installation failed.
Flavor: r-oldrel-osx-x86_64