Last updated on 2019-03-27 00:48:18 CET.
Flavor | Version | Tinstall | Tcheck | Ttotal | Status | Flags |
---|---|---|---|---|---|---|
r-devel-linux-x86_64-debian-clang | 0.1.1 | 45.66 | 57.64 | 103.30 | OK | |
r-devel-linux-x86_64-debian-gcc | 0.1.1 | 33.79 | 45.71 | 79.50 | OK | |
r-devel-linux-x86_64-fedora-clang | 0.1.1 | 141.36 | OK | |||
r-devel-linux-x86_64-fedora-gcc | 0.1.1 | 127.53 | OK | |||
r-devel-windows-ix86+x86_64 | 0.1.1 | 115.00 | 133.00 | 248.00 | OK | |
r-patched-linux-x86_64 | 0.1.1 | 36.19 | 54.98 | 91.17 | OK | |
r-patched-solaris-x86 | 0.1.1 | 133.30 | OK | |||
r-release-linux-x86_64 | 0.1.1 | 37.11 | 54.86 | 91.97 | OK | |
r-release-windows-ix86+x86_64 | 0.1.1 | 98.00 | 118.00 | 216.00 | OK | |
r-release-osx-x86_64 | 0.1.0 | OK | ||||
r-oldrel-windows-ix86+x86_64 | 0.1.1 | 102.00 | 6.00 | 108.00 | ERROR | |
r-oldrel-osx-x86_64 | 0.1.0 | OK |
Version: 0.1.1
Check: whether package can be installed
Result: ERROR
Installation failed.
Flavor: r-oldrel-windows-ix86+x86_64