CRAN Package Check Results for Package Temporal

Last updated on 2019-03-27 00:48:19 CET.

Flavor Version Tinstall Tcheck Ttotal Status Flags
r-devel-linux-x86_64-debian-clang 0.1.1 44.89 41.95 86.84 OK
r-devel-linux-x86_64-debian-gcc 0.1.1 41.31 33.88 75.19 OK
r-devel-linux-x86_64-fedora-clang 0.1.1 123.63 NOTE
r-devel-linux-x86_64-fedora-gcc 0.1.1 112.49 OK
r-devel-windows-ix86+x86_64 0.1.1 99.00 80.00 179.00 OK
r-patched-linux-x86_64 0.1.1 47.37 40.68 88.05 OK
r-patched-solaris-x86 0.1.1 142.20 OK
r-release-linux-x86_64 0.1.1 51.38 40.81 92.19 OK
r-release-windows-ix86+x86_64 0.1.1 97.00 75.00 172.00 OK
r-release-osx-x86_64 0.1.1 NOTE
r-oldrel-windows-ix86+x86_64 0.1.1 73.00 87.00 160.00 OK
r-oldrel-osx-x86_64 0.1.1 NOTE

Check Details

Version: 0.1.1
Check: installed package size
Result: NOTE
     installed size is 16.0Mb
     sub-directories of 1Mb or more:
     libs 15.6Mb
Flavors: r-devel-linux-x86_64-fedora-clang, r-release-osx-x86_64, r-oldrel-osx-x86_64