Last updated on 2019-03-27 00:48:19 CET.
Flavor | Version | Tinstall | Tcheck | Ttotal | Status | Flags |
---|---|---|---|---|---|---|
r-devel-linux-x86_64-debian-clang | 0.1.1 | 11.08 | 105.44 | 116.52 | OK | |
r-devel-linux-x86_64-debian-gcc | 0.1.1 | 8.67 | 87.12 | 95.79 | OK | |
r-devel-linux-x86_64-fedora-clang | 0.1.1 | 148.79 | NOTE | |||
r-devel-linux-x86_64-fedora-gcc | 0.1.1 | 139.37 | NOTE | |||
r-devel-windows-ix86+x86_64 | 0.1.1 | 27.00 | 135.00 | 162.00 | OK | |
r-patched-linux-x86_64 | 0.1.1 | 7.31 | 107.96 | 115.27 | OK | |
r-patched-solaris-x86 | 0.1.1 | 234.30 | NOTE | |||
r-release-linux-x86_64 | 0.1.1 | 8.19 | 107.54 | 115.73 | OK | |
r-release-windows-ix86+x86_64 | 0.1.1 | 24.00 | 165.00 | 189.00 | OK | |
r-release-osx-x86_64 | 0.1.1 | NOTE | ||||
r-oldrel-windows-ix86+x86_64 | 0.1.1 | 14.00 | 149.00 | 163.00 | OK | |
r-oldrel-osx-x86_64 | 0.1.1 | NOTE |
Version: 0.1.1
Check: dependencies in R code
Result: NOTE
Namespaces in Imports field not imported from:
‘doParallel’ ‘forecast’ ‘lars’ ‘parallel’ ‘tau’ ‘tsDyn’
All declared Imports should be used.
Flavors: r-devel-linux-x86_64-fedora-clang, r-devel-linux-x86_64-fedora-gcc, r-patched-solaris-x86, r-release-osx-x86_64, r-oldrel-osx-x86_64
Version: 0.1.1
Check: data for non-ASCII characters
Result: NOTE
Note: found 40 marked UTF-8 strings
Flavors: r-devel-linux-x86_64-fedora-clang, r-devel-linux-x86_64-fedora-gcc, r-patched-solaris-x86, r-release-osx-x86_64, r-oldrel-osx-x86_64