CRAN Package Check Results for Package TreeLS

Last updated on 2019-03-27 00:48:20 CET.

Flavor Version Tinstall Tcheck Ttotal Status Flags
r-devel-linux-x86_64-debian-clang 1.0 50.27 105.46 155.73 OK
r-devel-linux-x86_64-debian-gcc 1.0 44.53 91.41 135.94 OK
r-devel-linux-x86_64-fedora-clang 1.0 220.07 NOTE
r-devel-linux-x86_64-fedora-gcc 1.0 200.48 OK
r-devel-windows-ix86+x86_64 1.0 118.00 171.00 289.00 OK
r-patched-linux-x86_64 1.0 50.04 112.07 162.11 OK
r-patched-solaris-x86 1.0 268.60 OK
r-release-linux-x86_64 1.0 52.39 111.92 164.31 OK
r-release-windows-ix86+x86_64 1.0 141.00 161.00 302.00 OK
r-release-osx-x86_64 1.0 NOTE
r-oldrel-windows-ix86+x86_64 1.0 108.00 185.00 293.00 OK
r-oldrel-osx-x86_64 1.0 NOTE

Additional issues

valgrind

Check Details

Version: 1.0
Check: installed package size
Result: NOTE
     installed size is 13.3Mb
     sub-directories of 1Mb or more:
     extdata 1.4Mb
     libs 11.7Mb
Flavors: r-devel-linux-x86_64-fedora-clang, r-release-osx-x86_64, r-oldrel-osx-x86_64