CRAN Package Check Results for Package TropFishR

Last updated on 2019-03-27 00:48:20 CET.

Flavor Version Tinstall Tcheck Ttotal Status Flags
r-devel-linux-x86_64-debian-clang 1.6.1 17.17 759.69 776.86 OK
r-devel-linux-x86_64-debian-gcc 1.6.1 13.39 497.70 511.09 OK
r-devel-linux-x86_64-fedora-clang 1.6.1 914.81 NOTE
r-devel-linux-x86_64-fedora-gcc 1.6.1 763.63 NOTE
r-devel-windows-ix86+x86_64 1.6.1 29.00 175.00 204.00 OK --no-vignettes
r-patched-linux-x86_64 1.6.1 11.91 594.39 606.30 OK
r-patched-solaris-x86 1.6.1 1267.60 NOTE
r-release-linux-x86_64 1.6.1 10.72 586.15 596.87 OK
r-release-windows-ix86+x86_64 1.6.1 30.00 152.00 182.00 OK --no-vignettes
r-release-osx-x86_64 1.6.1 NOTE
r-oldrel-windows-ix86+x86_64 1.6.1 14.00 164.00 178.00 OK --no-vignettes
r-oldrel-osx-x86_64 1.6.1 NOTE

Check Details

Version: 1.6.1
Check: dependencies in R code
Result: NOTE
    Namespace in Imports field not imported from: ‘Hmisc’
     All declared Imports should be used.
Flavors: r-devel-linux-x86_64-fedora-clang, r-devel-linux-x86_64-fedora-gcc, r-patched-solaris-x86, r-release-osx-x86_64, r-oldrel-osx-x86_64