CRAN Package Check Results for Package WeibullR

Last updated on 2019-03-27 00:48:23 CET.

Flavor Version Tinstall Tcheck Ttotal Status Flags
r-devel-linux-x86_64-debian-clang 1.0.10 105.31 42.84 148.15 OK
r-devel-linux-x86_64-debian-gcc 1.0.10 82.19 32.81 115.00 OK
r-devel-linux-x86_64-fedora-clang 1.0.10 223.80 NOTE
r-devel-linux-x86_64-fedora-gcc 1.0.10 203.84 OK
r-devel-windows-ix86+x86_64 1.0.10 251.00 91.00 342.00 OK
r-patched-linux-x86_64 1.0.10 92.91 40.15 133.06 OK
r-patched-solaris-x86 1.0.10 195.70 OK
r-release-linux-x86_64 1.0.10 103.16 39.94 143.10 OK
r-release-windows-ix86+x86_64 1.0.10 238.00 92.00 330.00 OK
r-release-osx-x86_64 1.0.10 OK
r-oldrel-windows-ix86+x86_64 1.0.10 187.00 83.00 270.00 OK
r-oldrel-osx-x86_64 1.0.10 OK

Check Details

Version: 1.0.10
Check: installed package size
Result: NOTE
     installed size is 5.2Mb
     sub-directories of 1Mb or more:
     libs 4.8Mb
Flavor: r-devel-linux-x86_64-fedora-clang