Last updated on 2019-03-27 00:48:23 CET.
Flavor | Version | Tinstall | Tcheck | Ttotal | Status | Flags |
---|---|---|---|---|---|---|
r-devel-linux-x86_64-debian-clang | 0.99.18 | 83.39 | 25.48 | 108.87 | NOTE | |
r-devel-linux-x86_64-debian-gcc | 0.99.18 | 67.38 | 20.39 | 87.77 | NOTE | |
r-devel-linux-x86_64-fedora-clang | 0.99.18 | 175.56 | NOTE | |||
r-devel-linux-x86_64-fedora-gcc | 0.99.18 | 158.69 | NOTE | |||
r-devel-windows-ix86+x86_64 | 0.99.18 | 231.00 | 77.00 | 308.00 | NOTE | |
r-patched-linux-x86_64 | 0.99.18 | 86.75 | 22.10 | 108.85 | OK | |
r-patched-solaris-x86 | 0.99.18 | 139.70 | OK | |||
r-release-linux-x86_64 | 0.99.18 | 89.01 | 22.02 | 111.03 | OK | |
r-release-windows-ix86+x86_64 | 0.99.18 | 214.00 | 81.00 | 295.00 | NOTE | |
r-release-osx-x86_64 | 0.99.18 | OK | ||||
r-oldrel-windows-ix86+x86_64 | 0.99.18 | 179.00 | 82.00 | 261.00 | NOTE | |
r-oldrel-osx-x86_64 | 0.99.18 | OK |
Version: 0.99.18
Check: top-level files
Result: NOTE
Found a 'configure.in' file: 'configure.ac' has long been preferred.
Output from running autoreconf:
aclocal: warning: autoconf input should be named 'configure.ac', not 'configure.in'
Flavors: r-devel-linux-x86_64-debian-clang, r-devel-linux-x86_64-debian-gcc, r-devel-linux-x86_64-fedora-clang, r-devel-linux-x86_64-fedora-gcc
Version: 0.99.18
Check: installed package size
Result: NOTE
installed size is 5.7Mb
sub-directories of 1Mb or more:
libs 5.6Mb
Flavors: r-devel-windows-ix86+x86_64, r-release-windows-ix86+x86_64, r-oldrel-windows-ix86+x86_64
Version: 0.99.18
Check: top-level files
Result: NOTE
Found a 'configure.in' file: 'configure.ac' has long been preferred.
Flavor: r-devel-windows-ix86+x86_64