CRAN Package Check Results for Package adagio

Last updated on 2019-03-27 00:47:45 CET.

Flavor Version Tinstall Tcheck Ttotal Status Flags
r-devel-linux-x86_64-debian-clang 0.7.1 4.65 26.75 31.40 OK
r-devel-linux-x86_64-debian-gcc 0.7.1 3.53 21.26 24.79 OK
r-devel-linux-x86_64-fedora-clang 0.7.1 39.20 NOTE
r-devel-linux-x86_64-fedora-gcc 0.7.1 36.04 NOTE
r-devel-windows-ix86+x86_64 0.7.1 19.00 63.00 82.00 OK
r-patched-linux-x86_64 0.7.1 3.94 24.86 28.80 OK
r-patched-solaris-x86 0.7.1 54.10 OK
r-release-linux-x86_64 0.7.1 3.77 25.10 28.87 OK
r-release-windows-ix86+x86_64 0.7.1 10.00 42.00 52.00 OK
r-release-osx-x86_64 0.7.1 OK
r-oldrel-windows-ix86+x86_64 0.7.1 9.00 47.00 56.00 OK
r-oldrel-osx-x86_64 0.7.1 OK

Check Details

Version: 0.7.1
Check: compiled code
Result: NOTE
    File ‘adagio/libs/adagio.so’:
     Found no calls to: ‘R_registerRoutines’, ‘R_useDynamicSymbols’
    
    It is good practice to register native routines and to disable symbol
    search.
    
    See ‘Writing portable packages’ in the ‘Writing R Extensions’ manual.
Flavors: r-devel-linux-x86_64-fedora-clang, r-devel-linux-x86_64-fedora-gcc