CRAN Package Check Results for Package adegraphics

Last updated on 2019-03-27 00:47:45 CET.

Flavor Version Tinstall Tcheck Ttotal Status Flags
r-devel-linux-x86_64-debian-clang 1.0-15 25.40 305.83 331.23 OK
r-devel-linux-x86_64-debian-gcc 1.0-15 23.30 234.65 257.95 OK
r-devel-linux-x86_64-fedora-clang 1.0-15 394.28 OK
r-devel-linux-x86_64-fedora-gcc 1.0-15 372.26 OK
r-devel-windows-ix86+x86_64 1.0-15 54.00 336.00 390.00 OK
r-patched-linux-x86_64 1.0-15 27.59 297.56 325.15 OK
r-patched-solaris-x86 1.0-15 508.60 NOTE
r-release-linux-x86_64 1.0-15 25.85 294.78 320.63 OK
r-release-windows-ix86+x86_64 1.0-15 46.00 326.00 372.00 OK
r-release-osx-x86_64 1.0-15 OK
r-oldrel-windows-ix86+x86_64 1.0-15 12.00 410.00 422.00 OK
r-oldrel-osx-x86_64 1.0-15 OK

Check Details

Version: 1.0-15
Check: installed package size
Result: NOTE
     installed size is 5.1Mb
     sub-directories of 1Mb or more:
     R 1.5Mb
     doc 3.0Mb
Flavor: r-patched-solaris-x86