CRAN Package Check Results for Package adespatial

Last updated on 2019-03-27 00:47:45 CET.

Flavor Version Tinstall Tcheck Ttotal Status Flags
r-devel-linux-x86_64-debian-clang 0.3-4 30.03 256.88 286.91 WARN
r-devel-linux-x86_64-debian-gcc 0.3-4 22.66 203.70 226.36 OK
r-devel-linux-x86_64-fedora-clang 0.3-4 335.99 OK
r-devel-linux-x86_64-fedora-gcc 0.3-4 319.90 OK
r-devel-windows-ix86+x86_64 0.3-4 54.00 408.00 462.00 OK
r-patched-linux-x86_64 0.3-4 19.48 252.15 271.63 OK
r-patched-solaris-x86 0.3-4 489.10 OK
r-release-linux-x86_64 0.3-4 19.37 251.27 270.64 OK
r-release-windows-ix86+x86_64 0.3-4 63.00 410.00 473.00 OK
r-release-osx-x86_64 0.3-4 OK
r-oldrel-windows-ix86+x86_64 0.3-4 34.00 441.00 475.00 OK
r-oldrel-osx-x86_64 0.3-4 OK

Check Details

Version: 0.3-4
Check: whether package can be installed
Result: WARN
    Found the following significant warnings:
     Warning: unable to re-encode 'Cperiodogram.R' line 30
     Warning: unable to re-encode 'WRperiodogram.R' line 105
     Warning: unable to re-encode 'beta.div.R' lines 27, 29, 33, 51, 71, 94, 144, 154, 168
     Warning: unable to re-encode 'beta.div.comp.R' lines 11, 25, 67, 71, 75, 79, 94
     Warning: unable to re-encode 'dist.ldc.R' lines 61, 87, 98, 103, 153, 163
     Warning: unable to re-encode 'mem.select.R' line 168
     Warning: unable to re-encode 'mfpa.R' lines 48, 49, 52, 55, 56, 57, 76, 80, 81, 85, 91, 97, 101, 104, 140, 148, 155, 159, 161, 218, 227
     Warning: unable to re-encode 'moran.bounds.R' line 12
     Warning: unable to re-encode 'moran.randtest.R' line 19
     Warning: unable to re-encode 'moranNP.randtest.R' lines 27, 29
     Warning: unable to re-encode 'mspa.R' lines 45, 46
     Warning: unable to re-encode 'msr.R' line 46
     Warning: unable to re-encode 'msr.varipart.R' line 40
     Warning: unable to re-encode 'plot.orthobasisSp.R' lines 11, 15, 16
     Warning: unable to re-encode 'scalogram.R' lines 25, 27, 28
Flavor: r-devel-linux-x86_64-debian-clang

Version: 0.3-4
Check: for unstated dependencies in examples
Result: WARN
    Warning in parse(file = files, n = -1L) :
     invalid input found on input connection 'adespatial-Ex.R'
Flavor: r-devel-linux-x86_64-debian-clang