Last updated on 2019-03-27 00:47:45 CET.
Flavor | Version | Tinstall | Tcheck | Ttotal | Status | Flags |
---|---|---|---|---|---|---|
r-devel-linux-x86_64-debian-clang | 1.2 | 24.12 | 196.00 | 220.12 | OK | |
r-devel-linux-x86_64-debian-gcc | 1.2 | 24.17 | 157.89 | 182.06 | OK | |
r-devel-linux-x86_64-fedora-clang | 1.2 | 272.75 | OK | |||
r-devel-linux-x86_64-fedora-gcc | 1.2 | 254.47 | OK | |||
r-devel-windows-ix86+x86_64 | 1.2 | 47.00 | 216.00 | 263.00 | OK | |
r-patched-linux-x86_64 | 1.2 | 21.89 | 187.35 | 209.24 | OK | |
r-patched-solaris-x86 | 1.2 | 366.60 | OK | |||
r-release-linux-x86_64 | 1.2 | 19.01 | 188.42 | 207.43 | OK | |
r-release-windows-ix86+x86_64 | 1.2 | 52.00 | 206.00 | 258.00 | OK | |
r-release-osx-x86_64 | 1.2 | WARN | ||||
r-oldrel-windows-ix86+x86_64 | 1.1 | 38.00 | 192.00 | 230.00 | OK | |
r-oldrel-osx-x86_64 | 1.2 | ERROR |
Version: 1.2
Check: whether package can be installed
Result: WARN
Found the following significant warnings:
Warning: 'rgl_init' failed, running with rgl.useNULL = TRUE
Flavor: r-release-osx-x86_64
Version: 1.2
Check: whether package can be installed
Result: ERROR
Installation failed.
Flavor: r-oldrel-osx-x86_64