CRAN Package Check Results for Package anthro

Last updated on 2019-03-27 00:47:45 CET.

Flavor Version Tinstall Tcheck Ttotal Status Flags
r-devel-linux-x86_64-debian-clang 0.9.1 2.76 173.86 176.62 WARN
r-devel-linux-x86_64-debian-gcc 0.9.1 2.01 128.70 130.71 OK
r-devel-linux-x86_64-fedora-clang 0.9.1 195.76 OK
r-devel-linux-x86_64-fedora-gcc 0.9.1 182.57 OK
r-devel-windows-ix86+x86_64 0.9.1 11.00 241.00 252.00 OK
r-patched-linux-x86_64 0.9.1 1.78 170.18 171.96 OK
r-patched-solaris-x86 0.9.1 211.10 OK
r-release-linux-x86_64 0.9.1 1.87 169.67 171.54 OK
r-release-windows-ix86+x86_64 0.9.1 6.00 253.00 259.00 OK
r-oldrel-windows-ix86+x86_64 0.9.1 6.00 243.00 249.00 OK

Check Details

Version: 0.9.1
Check: whether package can be installed
Result: WARN
    Found the following significant warnings:
     Warning: unable to re-encode 'prevalence.R' lines 36, 51
Flavor: r-devel-linux-x86_64-debian-clang