Last updated on 2019-03-27 00:47:45 CET.
Flavor | Version | Tinstall | Tcheck | Ttotal | Status | Flags |
---|---|---|---|---|---|---|
r-devel-linux-x86_64-debian-clang | 1.3.1 | 4.59 | 39.46 | 44.05 | NOTE | |
r-devel-linux-x86_64-debian-gcc | 1.3.1 | 4.20 | 31.54 | 35.74 | NOTE | |
r-devel-linux-x86_64-fedora-clang | 1.3.1 | 54.07 | NOTE | |||
r-devel-linux-x86_64-fedora-gcc | 1.3.1 | 49.99 | NOTE | |||
r-devel-windows-ix86+x86_64 | 1.3.1 | 15.00 | 64.00 | 79.00 | NOTE | |
r-patched-linux-x86_64 | 1.3.1 | 3.43 | 37.62 | 41.05 | NOTE | |
r-patched-solaris-x86 | 1.3.1 | 75.90 | NOTE | |||
r-release-linux-x86_64 | 1.3.1 | 3.99 | 37.82 | 41.81 | NOTE | |
r-release-windows-ix86+x86_64 | 1.3.1 | 11.00 | 52.00 | 63.00 | NOTE | |
r-release-osx-x86_64 | 1.3.1 | NOTE | ||||
r-oldrel-windows-ix86+x86_64 | 1.3.1 | 5.00 | 78.00 | 83.00 | NOTE | |
r-oldrel-osx-x86_64 | 1.3.1 | NOTE |
Version: 1.3.1
Check: dependencies in R code
Result: NOTE
'library' or 'require' call to 'boot' in package code.
Please use :: or requireNamespace() instead.
See section 'Suggested packages' in the 'Writing R Extensions' manual.
Flavors: r-devel-linux-x86_64-debian-clang, r-devel-linux-x86_64-debian-gcc, r-devel-linux-x86_64-fedora-clang, r-devel-linux-x86_64-fedora-gcc, r-devel-windows-ix86+x86_64, r-patched-linux-x86_64, r-patched-solaris-x86, r-release-linux-x86_64, r-release-windows-ix86+x86_64, r-release-osx-x86_64, r-oldrel-windows-ix86+x86_64, r-oldrel-osx-x86_64
Version: 1.3.1
Check: R code for possible problems
Result: NOTE
varbin: no visible global function definition for 'boot'
Undefined global functions or variables:
boot
Flavors: r-devel-linux-x86_64-debian-clang, r-devel-linux-x86_64-debian-gcc, r-devel-linux-x86_64-fedora-clang, r-devel-linux-x86_64-fedora-gcc, r-devel-windows-ix86+x86_64, r-patched-linux-x86_64, r-patched-solaris-x86, r-release-linux-x86_64, r-release-windows-ix86+x86_64, r-release-osx-x86_64, r-oldrel-windows-ix86+x86_64, r-oldrel-osx-x86_64