CRAN Package Check Results for Package arena2r

Last updated on 2019-03-27 00:47:45 CET.

Flavor Version Tinstall Tcheck Ttotal Status Flags
r-devel-linux-x86_64-debian-clang 1.0.0 2.08 34.14 36.22 OK
r-devel-linux-x86_64-debian-gcc 1.0.0 1.69 27.35 29.04 OK
r-devel-linux-x86_64-fedora-clang 1.0.0 45.11 NOTE
r-devel-linux-x86_64-fedora-gcc 1.0.0 41.26 NOTE
r-devel-windows-ix86+x86_64 1.0.0 6.00 48.00 54.00 OK
r-patched-linux-x86_64 1.0.0 1.34 33.01 34.35 OK
r-patched-solaris-x86 1.0.0 55.40 NOTE
r-release-linux-x86_64 1.0.0 1.21 32.56 33.77 OK
r-release-windows-ix86+x86_64 1.0.0 8.00 58.00 66.00 OK
r-release-osx-x86_64 1.0.0 NOTE
r-oldrel-windows-ix86+x86_64 1.0.0 4.00 51.00 55.00 OK
r-oldrel-osx-x86_64 1.0.0 NOTE

Check Details

Version: 1.0.0
Check: dependencies in R code
Result: NOTE
    Namespaces in Imports field not imported from:
     ‘purrr’ ‘shinyBS’ ‘shinydashboard’ ‘shinyjs’
     All declared Imports should be used.
Flavors: r-devel-linux-x86_64-fedora-clang, r-devel-linux-x86_64-fedora-gcc, r-patched-solaris-x86, r-release-osx-x86_64, r-oldrel-osx-x86_64